29 a prime number?
False
Is 4675693817 a composite number?
True
Is 18623739991 a composite number?
False
Is 718276567 composite?
True
Is 1639495129 a prime number?
False
Is 9051572023 composite?
True
Is 337549711 a prime number?
False
Is 12240344603 composite?
True
Is 4116661298 prime?
False
Is 31499623921 a prime number?
False
Is 4828729481 composite?
False
Is 344710605127 a prime number?
False
Is 5267256941 prime?
False
Is 516388321 a prime number?
True
Is 119267833 composite?
True
Is 4567735121 composite?
True
Is 25198034 a prime number?
False
Is 3206668601 a prime number?
True
Is 55449424803 a prime number?
False
Is 9811141429 prime?
True
Is 99753000097 composite?
False
Is 14378383653 a composite number?
True
Is 5083072919 composite?
True
Is 272202869 prime?
True
Is 4544506319 prime?
True
Is 118179813979 a prime number?
True
Is 14266952878 composite?
True
Is 2627754089 composite?
False
Is 101468581 prime?
True
Is 2606619259 a composite number?
False
Is 2651993287 a prime number?
False
Is 4369375177 a prime number?
False
Is 1285005409 a composite number?
False
Is 78281518999 a composite number?
False
Is 138058864366 composite?
True
Is 4883934427 composite?
False
Is 1918205537 prime?
True
Is 3132370543 prime?
False
Is 162515147 a composite number?
False
Is 8292816211 prime?
False
Is 32524194403 prime?
True
Is 2793322007 a prime number?
False
Is 3789555079 a prime number?
False
Is 5247545353 a composite number?
False
Is 1315058029 composite?
True
Is 42825326 a composite number?
True
Is 339064351 a prime number?
False
Is 89491639 prime?
True
Is 6255192703 a prime number?
True
Is 3319535327 composite?
True
Is 31148116583 a prime number?
False
Is 2960635373 prime?
True
Is 12043052617 prime?
False
Is 753026159 a prime number?
False
Is 147090328417 prime?
False
Is 1120897651 a composite number?
True
Is 21139097303 composite?
False
Is 52538009 a composite number?
True
Is 12309170119 a composite number?
True
Is 546769207 composite?
False
Is 67302959441 a composite number?
False
Is 87780849181 prime?
False
Is 832926517 a prime number?
True
Is 38764089799 a prime number?
False
Is 38839741351 prime?
True
Is 2907504571 composite?
False
Is 1463483381 a prime number?
True
Is 2345561123 composite?
False
Is 108088163 a prime number?
True
Is 1432944011 a prime number?
True
Is 8011984447 a composite number?
False
Is 1639756931 composite?
False
Is 39461282293 composite?
False
Is 11388953311 prime?
True
Is 4250911579 a composite number?
False
Is 48930344161 a composite number?
True
Is 1590921533 prime?
False
Is 1958823002 a prime number?
False
Is 507715757 a composite number?
True
Is 860457331 prime?
False
Is 12239391251 a composite number?
False
Is 137164275863 prime?
False
Is 42679150699 a prime number?
True
Is 2425668659 a composite number?
True
Is 8560292773 composite?
False
Is 17918106601 prime?
False
Is 10889422391 a prime number?
False
Is 8549765789 composite?
False
Is 2557175617 prime?
False
Is 2315229011 a prime number?
True
Is 4002135041 prime?
True
Is 4536947863 composite?
True
Is 1788971915 a composite number?
True
Is 6526385897 a composite number?
True
Is 4531944883 composite?
True
Is 12388411613 prime?
True
Is 8224950511 composite?
False
Is 12844271157 prime?
False
Is 18005249 a prime number?
True
Is 435400309 composite?
True
Is 343222343 composite?
True
Is 1035732613 prime?
True
Is 91276257 composite?
True
Is 53487558307 prime?
False
Is 30165567101 a composite number?
True
Is 2043491837 a composite number?
True
Is 635220067 a prime number?
False
Is 13136161673 a prime number?
False
Is 25583506787 a prime number?
True
Is 169790567539 composite?
False
Is 5211641537 prime?
False
Is 15174676193 a prime number?
False
Is 4123510841 prime?
False
Is 450194411 composite?
True
Is 2864491393 composite?
True
Is 76816211 composite?
False
Is 11463815521 composite?
True
Is 231008819 composite?
True
Is 2393598297 prime?
False
Is 3446261963 prime?
False
Is 2831317283 a composite number?
False
Is 1055888231 composite?
True
Is 585803011 a composite number?
True
Is 6312545567 a composite number?
True
Is 1109726077 a prime number?
True
Is 701492651 a composite number?
True
Is 23040461723 a prime number?
True
Is 40250331749 a composite number?
True
Is 2265073207 a prime number?
True
Is 43379093 a prime number?
True
Is 23995838091 composite?
True
Is 2200923713 prime?
False
Is 737029679 a prime number?
False
Is 3443928533 a composite number?
False
Is 55717489 prime?
False
Is 1166676229 a prime number?
False
Is 17899644439 composite?
False
Is 46053749741 a composite number?
False
Is 4507235209 prime?
True
Is 641273329 a prime number?
True
Is 153797321 composite?
True
Is 9845625469 a prime number?
False
Is 304689353 a composite number?
False
Is 4917218693 prime?
False
Is 4992127633 a prime number?
True
Is 1695068905 a prime number?
False
Is 99124489231 a prime number?
True
Is 5488655689 a prime number?
False
Is 8449376935 composite?
True
Is 42778276433 a composite number?
False
Is 333321774397 prime?
True
Is 3453929287 a composite number?
True
Is 733766479 a prime number?
False
Is 51963143 prime?
True
Is 90888461 composite?
True
Is 13446813307 composite?
False
Is 27624781049 composite?
False
Is 2346989971 a composite number?
True
Is 3135907757 prime?
True
Is 3497432687 prime?
False
Is 4183266779 a composite number?
False
Is 2794038409 a prime number?
True
Is 56297237 prime?
True
Is 250936577 a prime number?
False
Is 159036847 a composite number?
False
Is 652867561 a prime number?
True
Is 48380173643 a prime number?
False
Is 7872618701 a composite number?
True
Is 13700124379 prime?
True
Is 153522851803 a prime number?
True
Is 1138888393 a composite number?
True
Is 2909282791 a prime number?
False
Is 238838330663 a prime number?
True
Is 105510791497 a prime number?
True
Is 3655269791 composite?
True
Is 210518929 composite?
False
Is 18361067503 a prime number?
False
Is 15300443 a composite number?
True
Is 11744443603 a composite number?
False
Is 2007220213 prime?
True
Is 27429486659 a composite number?
False
Is 39522351809 prime?
False
Is 28751302267 prime?
True
Is 289818169 a prime number?
True
Is 14523997091 a prime number?
False
Is 2290761463 prime?
True
Is 6057343307 a composite number?
True
Is 19818204022 prime?
False
Is 5954315099 a composite number?
True
Is 169516219189 composite?
True
Is 713567033 a prime number?
True
Is 9068197661 a prime number?
True
Is 544291438 a prime number?
False
Is 1043042683 a composite number?
True
Is 174336753 composite?
True
Is 5255786201 a prime number?
True
Is 7620575773 prime?
True
Is 44970803197 prime?
False
Is 81193829 a prime number?
True
Is 3309020881 prime?
True
Is 85526313 composite?
True
Is 792278429 a composite number?
True
Is 1496169319 prime?
False
Is 17630386681 prime?
False
Is 1155081001 a composite number?
False
Is 49967511827 composite?
False
Is 95556082289 composite?
True
Is 8694930743 a composite number?
False
Is 230073659 prime?
False
Is 14958873407 a composite number?
True
Is 213955444655 a prime number?
False
Is 1933538719 a composite number?
True
Is 110170497553 composite?
False
Is 964551961 a prime number?
True
Is 3834787867 composite?
False
Is 484429511 a prime number?
False
Is 183124127 a composite number?
False
Is 929327845 a composite number?
True
Is 418268111 a composite number?
False
Is 35533372697 a prime number?
False
Is 26916095463 composite?
True
Is 114496692341 a prime number?
True
Is 34558539083 composite?
False
Is 121059727 composite?
False
Is 30094593923 prime?
False
Is 9796370566 composite?
True
Is 1295923963 prime?
False
Is 578145343 prime?
False
Is 25447027667 composite?
True
Is 14202964123 composite?
True
Is 17503233557 composite?
False
Is 11511228733 a prime number?
True
Is 1257821834 prime?
False
Is 160427195033 a composite number?
True
Is 2499496771 prime?
True
Is 430350607 composite?
False
Is 124452988481 composite?
False
Is 20822501251 prime?
True
Is 244356493 prime?
False
Is 14972506631 prime?
False
Is 837623491 composite?
True
Is 88679336087 prime?
True
Is 109521031 composite?
True
Is 2535965513 a composite number?
False
Is 900293443 composite?
True
Is 2253004115 a prime number?
False
Is 242587027 a composite number?
False
Is 1045938077 prime?
True
Is 2399743967 a composite number?
Fal